3.
83
What is the greatest common factor of 15 and 380?
5
What is the highest common divisor of 9329 and 57?
19
Calculate the highest common factor of 1940 and 20.
20
What is the highest common factor of 44 and 1188?
44
What is the highest common factor of 436 and 16?
4
What is the highest common divisor of 869 and 5925?
79
Calculate the highest common factor of 30 and 190.
10
Calculate the highest common factor of 119 and 85.
17
Calculate the highest common factor of 122 and 1159.
61
What is the highest common divisor of 9301 and 71?
71
Calculate the highest common divisor of 442 and 170.
34
What is the highest common factor of 40 and 5240?
40
What is the greatest common factor of 5005 and 28?
7
What is the highest common divisor of 27 and 216?
27
Calculate the greatest common divisor of 114 and 138.
6
What is the highest common divisor of 15 and 555?
15
Calculate the greatest common divisor of 1937 and 149.
149
What is the greatest common factor of 192 and 8?
8
Calculate the highest common factor of 51 and 4539.
51
What is the highest common divisor of 7182 and 18?
18
What is the highest common divisor of 45 and 1845?
45
Calculate the highest common divisor of 169 and 78.
13
Calculate the highest common divisor of 34 and 1666.
34
Calculate the highest common divisor of 88 and 22.
22
Calculate the greatest common divisor of 228 and 76.
76
What is the highest common factor of 12 and 278?
2
What is the highest common divisor of 242 and 979?
11
Calculate the greatest common factor of 2152 and 16.
8
Calculate the greatest common factor of 76 and 646.
38
What is the greatest common factor of 3696 and 3003?
231
What is the highest common divisor of 14 and 49784?
14
Calculate the greatest common factor of 290 and 10.
10
What is the highest common divisor of 8920 and 40?
40
Calculate the greatest common divisor of 44 and 341.
11
What is the greatest common divisor of 10428 and 66?
66
Calculate the greatest common divisor of 23 and 368.
23
Calculate the highest common divisor of 102 and 6.
6
What is the greatest common factor of 108 and 3159?
27
Calculate the greatest common divisor of 221 and 68.
17
Calculate the highest common factor of 584 and 803.
73
Calculate the greatest common divisor of 1500 and 320.
20
Calculate the greatest common divisor of 21311 and 101.
101
What is the highest common divisor of 39 and 26?
13
What is the highest common divisor of 104 and 806?
26
Calculate the highest common factor of 24 and 276.
12
Calculate the highest common divisor of 192 and 2616.
24
Calculate the greatest common factor of 259 and 111.
37
Calculate the highest common divisor of 1668 and 8.
4
Calculate the greatest common divisor of 270 and 40.
10
Calculate the greatest common factor of 1 and 238.
1
What is the greatest common divisor of 195 and 7527?
39
Calculate the greatest common divisor of 1016 and 15494.
254
What is the highest common factor of 18 and 18072?
18
What is the highest common factor of 14 and 626?
2
Calculate the greatest common divisor of 814 and 44.
22
Calculate the greatest common factor of 520 and 280.
40
Calculate the highest common divisor of 16 and 304.
16
Calculate the greatest common divisor of 2484 and 4.
4
Calculate the highest common factor of 3456 and 135.
27
Calculate the greatest common divisor of 600 and 72.
24
Calculate the greatest common factor of 299 and 92.
23
What is the highest common factor of 108 and 72?
36
What is the greatest common factor of 81 and 216?
27
Calculate the highest common factor of 289 and 17.
17
Calculate the highest common divisor of 27 and 297.
27
Calculate the greatest common divisor of 72 and 72.
72
What is the highest common divisor of 3844 and 3224?
124
What is the greatest common factor of 117 and 364?
13
What is the greatest common factor of 2432 and 380?
76
What is the highest common factor of 154 and 451?
11
Calculate the greatest common divisor of 912 and 19.
19
What is the greatest common divisor of 55 and 946?
11
What is the greatest common factor of 28 and 644?
28
What is the highest common divisor of 2000 and 16?
16
Calculate the greatest common factor of 1 and 31.
1
Calculate the highest common divisor of 1550 and 80.
10
Calculate the greatest common factor of 90 and 290.
10
What is the highest common divisor of 10674 and 54?
18
What is the greatest common factor of 15200 and 456?
152
What is the greatest common divisor of 5357 and 11?
11
Calculate the highest common divisor of 7 and 749.
7
Calculate the greatest common divisor of 351 and 481.
13
What is the highest common factor of 1596 and 24?
12
Calculate the greatest common factor of 152 and 266.
38
What is the highest common divisor of 96 and 704?
32
Calculate the greatest common factor of 512 and 176.
16
Calculate the highest common divisor of 41 and 2.
1
Calculate the greatest common divisor of 533 and 697.
41
Calculate the highest common factor of 11 and 10.
1
What is the highest common factor of 77 and 301?
7
What is the highest common divisor of 16 and 8592?
16
Calculate the greatest common factor of 10944 and 8.
8
What is the greatest common divisor of 144 and 40?
8
Calculate the highest common factor of 28 and 868.
28
Calculate the greatest common divisor of 11 and 583.
11
Calculate the greatest common divisor of 84 and 231.
21
What is the greatest common divisor of 63 and 609?
21
Calculate the greatest common divisor of 329 and 84553.
329
What is the highest common divisor of 27 and 63?
9
Calculate the highest common factor of 94 and 1457.
47
Calculate the highest common factor of 117 and 1755.
117
Calculate the greatest common factor of 423 and 9.
9
Calculate the greatest common factor of 24 and 4008.
24
What is the highest common factor of 38 and 950?
38
Calculate the greatest common divisor of 9 and 3987.
9
Calculate the greatest common factor of 195 and 1248.
39
What is the highest common divisor of 496 and 5549?
31
Calculate the highest common factor of 146 and 3358.
146
Calculate the greatest common factor of 1968 and 16.
16
Calculate the highest common divisor of 756 and 1575.
63
What is the highest common factor of 37300 and 100?
100
What is the greatest common divisor of 5 and 8185?
5
What is the greatest common factor of 1278 and 63?
9
What is the highest common divisor of 629 and 74?
37
Calculate the highest common divisor of 51 and 4233.
51
What is the highest common divisor of 84 and 282?
6
What is the highest common divisor of 216 and 6?
6
What is the highest common factor of 363 and 9?
3
What is the greatest common factor of 40 and 24?
8
Calculate the highest common factor of 43 and 2.
1
What is the greatest common factor of 22 and 2?
2
What is the highest common divisor of 147 and 21?
21
Calculate the highest common divisor of 135 and 1245.
15
What is the greatest common divisor of 3 and 543?
3
Calculate the highest common factor of 350 and 630.
70
Calculate the highest common factor of 4437 and 306.
153
What is the greatest common divisor of 50496 and 192?
192
What is the highest common divisor of 1183 and 2002?
91
What is the highest common factor of 28 and 378?
14
What is the highest common factor of 667 and 319?
29
Calculate the greatest common divisor of 72 and 624.
24
What is the greatest common factor of 4662 and 4?
2
Calculate the highest common divisor of 162 and 24.
6
Calculate the greatest common divisor of 292 and 3650.
146
Calculate the greatest common divisor of 408 and 697.
17
What is the highest common divisor of 546 and 210?
42
What is the greatest common divisor of 6 and 29292?
6
Calculate the greatest common factor of 2453 and 11.
11
What is the greatest common factor of 53 and 3233?
53
What is the highest common factor of 1666 and 98?
98
Calculate the highest common factor of 70 and 150.
10
Calculate the greatest common divisor of 30 and 1290.
30
Calculate the greatest common divisor of 2421 and 9.
9
What is the greatest common divisor of 45 and 846?
9
What is the highest common divisor of 57 and 9861?
57
What is the greatest common divisor of 88 and 232?
8
Calculate the highest common divisor of 260 and 325.
65
What is the greatest common divisor of 600 and 24?
24
What is the greatest common divisor of 306 and 34?
34
What is the highest common factor of 6 and 21822?
6
What i